- 30 + 3*s + 32. Let t be 123/6 - (-1)/2. Let x = -23 + t. Calculate h(x).
0
Let l(g) = 13 + 3*g + 3*g + 2 - 5. Calculate l(-3).
-8
Let v be 70/14 + (7 + -1)/(-3). Let u(i) = -4*i**2 - 4*i**v - 2*i - 1349 + 3*i**3 + 1350. Determine u(-4).
9
Let i = 2907 - 2907. Let u(h) be the third derivative of 14*h**2 - 1/24*h**4 - 1/60*h**5 + h**3 + i + 0*h. Give u(0).
6
Suppose 7*y - 18 - 102 = -8*y. Let i(z) = z**3 - 8*z**2 + 1. What is i(y)?
1
Let b(m) = -m**3 + 9*m + 9. Let f(s) = 3. Let n(o) = -b(o) + 3*f(o). Determine n(4).
28
Suppose -17*j = 34 - 17. Let y(r) = -11*r - 15. Give y(j).
-4
Suppose 8*x = 204 + 4. Suppose 3*r = -r - 5*g + x, -6 = -r - g. Let a(t) = -r*t - 2*t - 10 + 7*t. What is a(9)?
-1
Let y be (2/1)/(-6 - -7). Let t(j) = 67 - 29 + j - 33 + y*j. Calculate t(-3).
-4
Let r(w) be the third derivative of w**5/15 + 11*w**4/24 + w**3/6 - 18*w**2 + 38*w + 1. Give r(-3).
4
Suppose -3*m + 10 = -2. Let z(x) = -13*x + 17*x - 5*x + m. What is z(-5)?
9
Let y be 1/((-20)/(-5)) + 3692/16. Let x = -230 + y. Let r(w) = 5*w**2 - 2*w + 2. Calculate r(x).
5
Let b(o) = -8*o + 42 - 5*o + 10*o - 29. Give b(4).
1
Let y(r) = r**3 + 8*r**2 + 2*r + 14. Let h be -1 + -1 + (-8)/4 + -265. Let m = h + 261. Calculate y(m).
-2
Let b(l) = 2*l**3 + 2*l**3 + l**3 + 6*l - 3*l**2 + 2 - 6*l**3. Let m = -405 - -401. Calculate b(m).
-6
Let g = 102 + -80. Suppose -7*r + 145 = g*r. Let n(s) = s**2 - 3*s. Calculate n(r).
10
Let d(o) = -7*o**2 + 57*o**2 - 18*o**2 - 242 + 41*o - 17*o**2 - 16*o**2. Determine d(34).
-4
Let x(z) = 1288*z**3 + 14*z**2 + 4 - 4 - 1289*z**3 - 1 - z + 6. Determine x(14).
-9
Let r(q) = -16 + 12*q + 18*q**3 + 13*q**3 + 16*q**3 - 67*q**3 + 14*q**2 + 21*q**3. Give r(-13).
-3
Let v(h) = 45*h - 5556. Let j be v(123). Let y(l) = -2*l**3 - 40*l**2 + 44*l + 33. Determine y(j).
-9
Let c(u) be the third derivative of 11*u**4/24 + u**3/3 - 707*u**2. What is c(-4)?
-42
Let o(q) = 1 - 4 - 3*q + 29*q**2 + 31*q**2 - 59*q**2 - 6*q. Calculate o(4).
-23
Let t(y) be the third derivative of y**5/60 + y**4/4 - 17*y**3/3 - 197*y**2. Calculate t(-10).
6
Let q(j) = 2*j**2 + 15*j + 9. Let y be q(-7). Suppose -6*m + 4*m + 5*g = 0, 2*m - y = 4*g. Let p(c) = -2*c + c**2 - 1 - 7*c + m*c. Determine p(4).
-1
Let i(k) = k**2 - 2*k + 1. Suppose 21*w - 7*w - 98 = 0. Suppose -2*o - 10 = -4*d, 0 = d - 3*o - 2*o - w. What is i(d)?
1
Let s(k) = -k**2 - 7*k + 35. Let i = -3352 + 3355. Calculate s(i).
5
Let a(k) = 3*k - 22. Let u be 1 + -1 - (1 + 15 - 12) - -11. Determine a(u).
-1
Suppose -2*a + 8 = -2. Suppose -4*p + 13 = p - 3*r, -p + 25 = a*r. Let u(i) = 2*i**2 + 4*i - 5 + 3*i - i**3 + 0*i + 3*i**2 - 5*i. Give u(p).
5
Let w be 198/(-660) - 465/(-50). Let u(m) = m**3 - 5*m**2 - 38*m + 17. Calculate u(w).
-1
Let f(c) = -3*c**2 + 12*c - 3. Suppose -4*p + 2 = -5*j + 55, -p + 2*j - 17 = 0. Let g(b) = -5*b**2 + 21*b - 6. Let m(k) = p*f(k) + 4*g(k). What is m(-3)?
6
Let z(j) = -2*j**3 + 8*j**2 + 4*j - 9. Suppose 0 = -71*u + 184 + 100. Calculate z(u).
7
Let i(v) = v**2 + 6*v + 2. Let d be (-1928)/8*1*-1. Let g = d + -244. Calculate i(g).
-7
Let o(k) = 84*k**2 - 30*k - 70. Let c(r) = -101*r**2 + 31*r + 69. Let g(q) = -5*c(q) - 6*o(q). What is g(-21)?
-9
Suppose -4*r + 4*q = 8, -2*q = 3*r - 0*q + 16. Let b be (r/6)/(1/6). Let t(z) = -2 + 2 - 6*z + 5 - z**2. What is t(b)?
13
Let j be (-5)/15 + (-122)/(-6)*4. Let g = j - 79. Let o(k) = -k - 7*k + 6*k - g*k**2 + 2. Determine o(-3).
-10
Suppose 14 = 4*g + 6, 5*i + 4*g = 368. Suppose -6*x + 24*x - i = 0. Let r(k) = -k**3 + 4*k**2 + 3*k + 3. Give r(x).
15
Let v(i) = 70*i + 646. Let k(y) = -14*y - 115. Let b(x) = -11*k(x) - 2*v(x). Determine b(2).
1
Suppose 2*j + 4*s + 46 = 172, 0 = j + s - 64. Let q = j + -55. Let m(w) = -8 - q*w**2 + 5*w + 6 + 11*w**2. Determine m(-6).
4
Let x(c) = -5 - 2 + c + 4. Let z = 478 + -319. Let r = z - 155. Determine x(r).
1
Let s(c) = 3*c**3 - 3*c + 1. Suppose -y = -2*y, -3*j = -2*y - 24. Suppose -j*i = 5*i - 26. What is s(i)?
19
Suppose 0 = 5*c + 3*h + h + 155, -5*h = 0. Let j = 34 + c. Let n(k) = j*k - 92 - 7*k + 85. What is n(-5)?
13
Let a(p) = -p**2 - 14*p - 6. Suppose 10*c - 62 = 78. Let k be c/1*(-2 + 1). Calculate a(k).
-6
Let g(m) = -11 + 17 + m**3 + 21 - 15 + 12*m**2 + 46*m + 3*m**2. What is g(-11)?
-10
Let q be ((-2)/(-8) + 8/32)*-12. Let s be (-3)/4*(q + 1 + 1). Let r(y) = 2*y**3 + 2*y**3 + y**2 - 54 - 3*y - 3*y**s + 51. Give r(-3).
-12
Let v = 62 + -21. Suppose 35*o + 18 = v*o. Let n(w) = 13*w + 1. Give n(o).
40
Let x(u) = -u**2 + u - 15. Suppose j = -3*n - 4, -n - 58 = -2*j - 66. Determine x(n).
-15
Let i(o) be the first derivative of o**2/2 + 2*o + 71955. Let x be 1 - 0 - 0 - 0. What is i(x)?
3
Let c be 20/(-50)*(-5)/2. Let m(n) = -n - 5. Let w(u) = u. Let q(t) = c*m(t) + 2*w(t). Let z = 3 + -3. Determine q(z).
-5
Let m = 450226 - 310490. Let l(d) = -m + 139736 - d. Suppose -29 = 5*w + 2*p, -w + 19 = -4*w - 2*p. Calculate l(w).
5
Let y = -86 - -88. Let i(u) = y + 5*u - 6*u + 2*u + u - 2*u**2. Calculate i(3).
-10
Let b(x) = 5*x**3 + 87*x**2 - 13*x - 44. Let h(q) = 3*q**3 + 51*q**2 - 8*q - 26. Let n(r) = -7*b(r) + 12*h(r). Determine n(-3).
11
Let q(w) be the first derivative of w**5/20 - w**4/4 - w**3/2 - w**2 - 203*w + 131. Let y(a) be the first derivative of q(a). Give y(4).
2
Let u(z) be the second derivative of 7*z**3/6 - 27*z**2/2 - z - 31. Give u(2).
-13
Let b(g) = 6*g**2 + 3*g + 3. Suppose 11 = 2*d + k - 0, 0 = -3*k + 3. Let o be (22/55)/((-1)/d). What is b(o)?
21
Let m be 34/(-3)*(35 - 38). Let n = m - 38. Let s(p) be the first derivative of -p**3/3 - 3*p**2 - p + 3. Determine s(n).
7
Let i(u) = -u**3 + 14*u**2 + 15*u + 7. Let b be (-1728)/(-51) - (1 + 76/(-68)). Suppose -39*q + 20 = -b*q, -4*j - 2*q = -68. Determine i(j).
7
Let c(x) = -2*x + 3. Let k = -21 + 33. Suppose r + 7 = -3*f, -4*f + k = -3*r - r. Let b be r/2*((-36)/(-6) - 8). Calculate c(b).
-5
Let s = -3 - -7. Let g(k) = -23*k**2 + 1026*k - 7. Let i(m) = -7*m**2 + 308*m - 2. Let x(w) = -3*g(w) + 10*i(w). Calculate x(s).
-7
Let t = -8505 + 8497. Let k(v) be the first derivative of -3*v**2/2 - 7*v - 1. Calculate k(t).
17
Let m(j) be the second derivative of j**5/20 + j**4/6 - j**3/3 + 6*j**2 + 616*j. Determine m(0).
12
Let x(k) = -6*k + 1 - 2*k - 2. Let r(y) = 17*y - 260. Let f be r(9). Let a be (0 - 6)/(109 + f). Determine x(a).
23
Let m(s) = -5*s**3 + 29*s**2 - 3*s + 54. Let x be m(6). Let l(r) = -5 + 4 + r**2 + 1 + 4. Give l(x).
4
Let v(t) = 1. Let n(b) = -b**2 + 2*b - 3. Let c(l) = n(l) + 3*v(l). Let y(g) = -27*g + 5. Suppose 4*i - 3*i = 4*i. Let a be y(i). Give c(a).
-15
Let k(t) = -2*t - 26. Let u be k(-8). Let z be ((-12)/u)/(259/(-70) - -4). Let r(h) = -19*h + 20*h - z + 2. Give r(4).
2
Let p(t) be the first derivative of t**4/4 - 10*t**3/3 + 23*t**2/2 - 18*t + 15. Let r be p(9). Let d(z) = -2*z**2 + 3*z**2 + 107*z - r*z. Give d(0).
0
Let t(i) be the third derivative of i**5/60 + i**4/3 - i**3/6 - 9*i**2. Let d be (48/(-3))/(-8 - -6). Suppose -r = -k - 10, 2*k + 6*r - 2*r + d = 0. Give t(k).
-1
Let b(p) = p**2 + 5*p - 17. Let q = -4735 - -4728. Give b(q).
-3
Let x(i) = -17 + i**3 + 0*i + 11 - 2*i + 6*i**2 + 3. Let m be x(-6). Let n(z) = z - m + 1 - 3 - 2. Give n(7).
-6
Let a = 141 - 87. Let b = a + -40. Let f(h) = b*h - 2 + 3 + 0 - 13*h. Determine f(3).
4
Let o(l) = -254*l - 50. Let h(y) = -118*y - 24. Let k(c) = -13*h(c) + 6*o(c). Give k(-2).
-8
Let h(r) be the second derivative of -r**7/2520 + r**6/90 - r**5/15 - 7*r**4/12 + r**2 + 15*r. Let b(l) be the third derivative of h(l). What is b(6)?
4
Let g(o) = o - 25. Let n = 543 + -524. Let j be ((-146)/(-73))/(21/n - 1). Calculate g(j).
-6
Suppose 5*n + 45*l - 40*l = -50, 4*l = 3*n + 2. Let j(x) = -x + 6*x**2 + 3*x + 15 - 5*x**3 - 3 + 6*x**3. What is j(n)?
0
Let o(m) = -5*m**2. Let t(g) = -20*g**2 - 42*g + 23. Let s(j) = 5*o(j) - t(j). Calculate s(8).
-7
Suppose -195*k + 202*k = 28. Let y(w) = -w**2 - 2*w - 10*w - 3*w - k. What is y(-15)?
-4
Let v(s) = -26*s**2 - 3*s + 2. Let t be (-1)/2*-6 + (-18)/(8 - -1). Determine v(t).
-27
Let o be 3*1*(24 + 1)/5. Let y be ((-65)/o + 1)/((-2)/(-3)). Let l(n) be the second derivative of n**5/20 + n**4/3 - 5*n**3/6 + 3*n**2 + 3*n. Calculate l(y).
6
Let j(b) = -b**2 - 5*b - 7. Suppose z - 4*l = -793, 4*l - 546 - 3387 = 5*z. Let u be z/157*2/(-1 - -3). Gi